 - 41. Let v be i(-11). Let b(o) = -62*o + v + 27*o + 37*o. Calculate b(-4).
-5
Let x(s) = -18*s - 37. Let i(o) = 13. Let a(g) = 6*i(g) + 2*x(g). Calculate a(-2).
76
Suppose -2*q + 17 = -3*a - 36, -q + 34 = -4*a. Suppose -5*d - 33 = 5*f + 17, 0 = -3*f + 3*d - 42. Let v = q + f. Let n(p) = -p + 18. Determine n(v).
8
Let l be 29 - 10*(-3)/(-6). Let x(t) = -2*t + l - t - 24. Calculate x(3).
-9
Let j(p) = p**3 - 3*p**2 - p + 1. Suppose 2*r - 47 = -3*f, 4*r + 4*f = -r + 100. Let v be 9/2 + (-8)/r. Suppose 5*o - 19 = -3*z, -v*o - 4*z = z - 23. Give j(o).
-5
Let n = -10 - -14. Suppose 0*t = n*t + 16. Let v(y) = 114*y**2 - 259*y + 15. Let w(h) = -37*h**2 + 84*h - 5. Let p(l) = 12*v(l) + 37*w(l). Calculate p(t).
-21
Let y(s) = 14*s + 282. Let z(d) = -2*d**3 - 46*d**2 + 102*d + 30. Let o be z(-25). Give y(o).
2
Let c be ((-27)/(-3))/((-3)/(-2)). Suppose 2*d + 24 = c*d. Let l(q) = q + 1. Let i(v) = -v**2 - 5. Let z(k) = -i(k) - 5*l(k). Give z(d).
6
Suppose 0 = 307*y + 2650 - 501. Let l(r) be the first derivative of r**4/4 + 2*r**3 - 5*r**2/2 - r + 1. Calculate l(y).
-15
Let s = -85 + 584. Suppose 70 = 485*t - s*t. Let b(i) = -i - 4. Calculate b(t).
1
Suppose -267*d + 14*d + 5250 = -3*d. Let g(y) be the second derivative of -y**2 - d*y - 5/6*y**3 + 0. Calculate g(-2).
8
Let b(m) = 22*m**3 - 40*m**2 - 58*m + 3. Let a(h) = 7*h**3 - 12*h**2 - 19*h + 1. Let t(s) = 19*a(s) - 6*b(s). What is t(-13)?
1
Suppose 2*n - 8*n + 132 = 0. Let a(l) = 4*l + 13*l + 6*l - 4 - n*l. Let h be (-1)/3 + 10/3. Calculate a(h).
-1
Suppose -78 = 5*a + 4*s, a - 2*s - 4 = -14. Let k(f) = -2*f - 16. Let t(n) = -5*n - 35. Let v(g) = a*k(g) + 6*t(g). Calculate v(6).
2
Let p(o) = -93*o**2 + 31*o**2 + 32*o**2 + 90*o + 7*o**2 + 4. What is p(4)?
-4
Let b(f) = -f**3 + f**2 + 3*f + 6. Suppose -l = -3*t - 18, 8*t = 4*l + 7*t - 17. Determine b(l).
-3
Let y be (-3)/(-5 + 14/4). Let w(n) = 4*n - n - y*n. Give w(-5).
-5
Suppose 0*r + 559 = 13*r. Let q(s) = 3*s**2 - 128*s - 45. What is q(r)?
-2
Let q be 50/(-350) - 82/14. Let y be (q - -1) + 4 - -3. Let g(i) = -12*i. Calculate g(y).
-24
Let g(f) = -5*f**3 + 2*f**2 + 3*f - 1. Let r = -11246 - -11249. Calculate g(r).
-109
Let p(m) = m**3 - 4*m**2 - m - 5. Let c(g) = -g**3 - 7*g**2 + 18*g + 1. Let y be c(-8). Let b = y - -84. Suppose 0 = b*s - 25. Give p(s).
15
Let q(y) be the third derivative of -y**5/60 - 7*y**4/12 + 47*y**3/6 + 1922*y**2. Determine q(-17).
-4
Let u(l) be the third derivative of l**4/6 + l**3/3 + l**2. Let p(j) = 2*j**3 - 96*j**2 - 101*j + 145. Let n be p(49). What is u(n)?
-6
Let g = 48 + -47. Let n be (-1)/(-3)*3/g*6. Let i(j) = 7*j + 4 + 13*j**2 - 25*j**2 + 11*j**2. Calculate i(n).
10
Let p(o) = 16*o - 1308. Let w be p(81). Let n(q) = 2*q**2 + 32*q + 62. Determine n(w).
-34
Let g(n) = n**3 - 9*n**2 - 11*n + 1. Let o be g(10). Let j = o + 22. Let m = j + -20. Let s(u) = u**2 + 10*u + 6. What is s(m)?
-15
Let t(g) = 13*g**2 - 14*g + 11. Let w(y) = 6*y**2 - 8*y + 5. Let n(o) = -5*t(o) + 11*w(o). What is n(18)?
0
Let q(p) be the first derivative of 3*p**2/2 - 2*p - 165. Let m(f) = f**2 - 10*f + 3. Suppose 0*u + 4*u - 40 = 0. Let w be m(u). Determine q(w).
7
Let p(t) be the first derivative of -t**4/2 - 4*t**3 - 17*t**2/2 - 35*t + 5012. Determine p(-5).
0
Let m = -78 - -42. Let x be ((-27)/m)/(2/8). Let v(w) = -20 - x*w + 46 - 20. Give v(4).
-6
Let s(f) be the first derivative of 1 - 2/3*f**3 + 0*f + 0*f**2 - 1/2*f**4. Determine s(-2).
8
Suppose -l - 55 = -3*o, 219*o + 5*l - 29 = 218*o. Let b(c) = -c**2 + 21*c - 44. Determine b(o).
-6
Let a(v) = -4*v - 69. Let t be a(-18). Let r(w) = 0*w**3 + 10*w + 471 + 14*w**2 + w**t + 2*w - 485. What is r(-13)?
-1
Let x(a) be the second derivative of -a**4/12 - 4*a**3 + 35*a**2 - 27*a + 84. Calculate x(-27).
-11
Let y(s) be the second derivative of 4*s**4/3 - 2*s**3/3 + s**2 - 355*s - 5. What is y(1)?
14
Let f(i) = 0 + 0 + 1 - 4*i + 4*i**2 - 3*i**2. Suppose -2*j + 3*m + 46 = 0, 3*m - 4 = 2*m. Suppose r - j*r = -84. Determine f(r).
-2
Let c(u) = u**3 - 4*u**2 + 2*u - 5. Suppose -11*o - 3 = -10*o - 4*q, q - 69 = -5*o. Suppose -60 + 8 = -o*h. Give c(h).
3
Let u = 3508 - 3461. Let k(w) = w**3 - 46*w**2 - 47*w - 5. Calculate k(u).
-5
Let o(r) = 16 - r**2 - r**2 + 14*r - 89 - 22*r + 33*r. Calculate o(5).
2
Let t(m) = m**2 + 2. Suppose -i - 7 = -12. Suppose -4*c - 4*b = 20, b + i = 3*c - 2*c. Determine t(c).
2
Suppose -9*m - 42 = 21. Let b(s) = 3*s**2 + 6*s - 8. Let k(y) = 5*y**2 + 10*y - 15. Let c(p) = m*b(p) + 4*k(p). What is c(-4)?
-12
Let k(w) = 2*w - 1. Let q be k(3). Let v(u) = u**2 + 3*u + 19. Let c(r) = 3*r**2 + 8*r + 45. Let z(y) = 2*c(y) - 5*v(y). Give z(q).
25
Let l(h) = -3695*h + 3691*h + 7 - h**2 - 3. Give l(-6).
-8
Let i(a) = -a**3 + 3*a**2 + 1. Suppose -2*r + 328 = 4*y, -y = -2*r + 4*r - 88. Suppose s + y = 2*s. Let g = -77 + s. Give i(g).
1
Let t be (3 + -5 - -5) + 6. Let z(x) = -x**2 + 8 - x**2 - t + 3*x**2. Let f(j) = j**2 + 18*j - 38. Let h be f(-20). Calculate z(h).
3
Let s = -12 - -12. Suppose s = 8*o + 474 - 1562. Let n(b) = -6*b - o*b**2 + 137*b**2 - 5*b + 10. What is n(8)?
-14
Suppose -25 = -5*f - g, 3*f - 2*g - 25 = -2*f. Suppose 0 = f*z + 2*z + z. Let k(a) = -5*a + 4*a - a**2 + 2 + 2 - a**3 + 0*a**2. Calculate k(z).
4
Let j(a) = -2*a**2 + 4*a - 3*a**2 - 5 + 2*a**2 + 4*a**2. Suppose -4*c + 24 = -2*x, -4*x - 6*c = -c - 17. Let z be -3 + x*(-1)/(-1). Calculate j(z).
0
Suppose -s = 3*k + 11, 3*k - 4 = 5*s - 3. Let j be (-74)/s + 3/(1/(-1)). Let y(a) = -a + 71 - j - 34. Calculate y(0).
3
Suppose -5*c = 5, 4*g - 2*c = -0 + 10. Let r(t) = -4*t + t**2 + 14 + 10*t + 0*t**g - 5. Let o be 4/10 - (-128)/(-20). What is r(o)?
9
Let i(c) = 2*c**3 - 3*c**2 + 3*c. Suppose -363 + 295 = -17*a. Give i(a).
92
Suppose 0 = 2*v + j + 37, -2*j = 6*v - 8*v - 22. Let l = v - -11. Let u(q) = -2*q - 1. Calculate u(l).
9
Let r(u) = -5*u - 30. Let m(c) = 14*c + 89. Let t(s) = 4*m(s) + 11*r(s). Let v(g) = -2*g - 51. Let a(w) = -7*t(w) - 3*v(w). Calculate a(0).
-29
Let z = -8118 - -8121. Let n(g) = -g**3 + 4*g**2 + 6*g - 1. Give n(z).
26
Let b(f) = f**2 - 2*f**2 - 2*f - f - 3*f - 6. Let x be b(-4). Suppose x = n + 5. Let o(r) = 7*r + 1. What is o(n)?
-20
Let l(z) be the first derivative of -z**3/3 + 3*z**2/2 + 4*z - 8. Let q(v) = -21*v + 384. Let f be q(18). What is l(f)?
-14
Let c(o) = 3*o + 65 - 68 - 2*o. Suppose 4*h = -5*k, 3*k = -0*h + 4*h + 32. Let p be 4 - (-2 - (k + -4)). Calculate c(p).
3
Let x be ((-3)/5)/((-4)/20). Suppose x*v + 0*y - 3*y = -21, -2*y = -4. Let r(d) be the first derivative of -d**2/2 - 10*d + 3. What is r(v)?
-5
Suppose -5*f + 15 = 3*s, -2*f = -s - 2 - 4. Suppose 0 = -0*o + 3*o - f*t - 21, -5*t = -4*o + 27. Let h(l) = l**2 - 10*l + 18. What is h(o)?
2
Let o(z) = z**3 + 10*z**2 + 15*z - 27. Let f(l) = l**3 - 38*l**2 + 69*l + 101. Let b be f(36). What is o(b)?
15
Let c = -179 - -205. Suppose 0 = -c*w - 10 - 276. Let z(a) = -5*a - 5*a + a - 3*a - a**2 - 10. What is z(w)?
1
Let r(d) = 2749 + 2654 - 5363 + 7*d. Give r(5).
75
Suppose 64*c = 62*c + 3*d + 9, 5*c = 3*d + 27. Let s(u) = -u**3 + 5*u**2 - 3*u + 13. Determine s(c).
-41
Let i(j) = j**2 - 12*j + 11. Suppose 5*s = -4*g - 19, 13*g = 3*s + 9*g + 5. Let t be (0 - s) + 0 + 7. Calculate i(t).
-9
Let g be (46 + -6)/((-106)/954 - 34/18). Let d(z) = -4*z**2 - 82*z - 31. Determine d(g).
9
Let m(d) = -13*d + 71 - 11 - 15 - 20 - 11. What is m(4)?
-38
Let p(x) = x**3 - 36*x**2 - 2393*x + 911. Let b be p(70). Let l(s) be the second derivative of 29*s**5/20 + s**3/6 - s. Calculate l(b).
30
Let s(v) = 62 - v + 0*v + 4*v - v**2 - 66. Let j(i) = 2*i**2 - 4*i - 7. Let f(h) = -h**2 + h + 1. Let g(m) = -3*f(m) - j(m). Let d be g(0). Calculate s(d).
-8
Let w(k) = 91*k - 21. Let v(u) = -167*u + 40. Let o(b) = -6*v(b) - 11*w(b). What is o(8)?
-1
Suppose -2*p - 32 + 68 = 0. Let m(w) = w**2 + p + 10 - 29 - 3*w**3 - 6*w**3. Determine m(1).
-9
Let z(f) = f - 7. Let m = 1761 - 1748. What is z(m)?
6
Let n = 0 - -5. Suppose 3*t = -3*j + 9 + 6, j - 4*t = n. Let k(p) = -14 + 16 + 0*p + 0*p - 8 - p. Determine k(j).
-11
Let r(d) = -d. Suppose 0 = 30*y - 36*y + 6. Let x(g) = -5 + 2*g**2 + 3 + 1 + 8*g + 2. Let w(h) = y*x(h) + 6*r(h). Determine w(-1).
1
Let p(w) = 3*w - 6. Let y(a) = a**2 - 14*a - 97. Let i(f) = -2*f**2 + 10*f + 96. Let j(x) = 2*i(x) + 3*y(x). Let z 